
Is 16010403 composite?
True
Is 43287238109 a composite number?
True
Is 7695951689 a composite number?
False
Is 32861256721 a composite number?
True
Is 183508074157 prime?
True
Is 125800221077 prime?
True
Is 42750533443 a composite number?
False
Is 16775243 prime?
False
Is 126740923 a composite number?
False
Is 981636143 composite?
True
Is 15686768198 prime?
False
Is 27197890459 prime?
True
Is 4942471169 a composite number?
True
Is 3132072553 a prime number?
True
Is 538574203 prime?
True
Is 2801259497 a prime number?
True
Is 312544094 composite?
True
Is 4611687341 a prime number?
True
Is 383328793 a prime number?
False
Is 34905167117 prime?
True
Is 4776002705 a prime number?
False
Is 2140853959 a composite number?
True
Is 415738243 a prime number?
True
Is 2186371651 a composite number?
True
Is 1875192677 a prime number?
True
Is 234032189 composite?
False
Is 799290677 a composite number?
True
Is 85993837 prime?
False
Is 29434687001 a prime number?
True
Is 7737090013 a prime number?
False
Is 20203526873 composite?
False
Is 5919295054 composite?
True
Is 18044245861 prime?
False
Is 610765867 composite?
True
Is 12794142787 a prime number?
True
Is 47998884739 prime?
False
Is 16388328329 prime?
False
Is 221250299 prime?
True
Is 7217093165 prime?
False
Is 126074078861 composite?
False
Is 738785261 composite?
False
Is 577719449 composite?
True
Is 11465194043 composite?
True
Is 45292277 a prime number?
False
Is 3601197569 composite?
True
Is 66618941 composite?
True
Is 7775717 composite?
False
Is 15876358933 composite?
False
Is 29677959671 prime?
True
Is 668352319 a prime number?
True
Is 1784819459 a composite number?
False
Is 780297131 a prime number?
True
Is 2465168897 prime?
True
Is 340876331 prime?
True
Is 14257137385 a prime number?
False
Is 46148077709 a composite number?
True
Is 511648429 composite?
True
Is 113102837191 composite?
False
Is 448780159 composite?
False
Is 4371397307 a prime number?
True
Is 120355346911 a composite number?
False
Is 6127444201 a prime number?
False
Is 22477257457 a prime number?
True
Is 6172969919 prime?
True
Is 11109727337 composite?
True
Is 4242576167 prime?
True
Is 28872333047 composite?
False
Is 72677743 a prime number?
True
Is 5891287747 composite?
False
Is 218018713 composite?
True
Is 1030059193 composite?
False
Is 39369041 a composite number?
True
Is 2503912417 a prime number?
True
Is 5776066267 a composite number?
True
Is 11600929759 a prime number?
True
Is 4413032329 composite?
True
Is 18947906357 prime?
True
Is 1350168695 composite?
True
Is 80675339177 a composite number?
True
Is 947923541 a prime number?
False
Is 482103859 a prime number?
False
Is 13301584337 composite?
False
Is 675454321 a prime number?
True
Is 2915611981 a prime number?
True
Is 9318103 a prime number?
True
Is 87570098521 prime?
True
Is 23942359453 composite?
True
Is 151729982419 a composite number?
False
Is 249393113 a composite number?
False
Is 9809474513 a prime number?
False
Is 2648100682 a composite number?
True
Is 337353061 composite?
False
Is 17532478391 a prime number?
True
Is 236707035953 composite?
False
Is 3348378923 composite?
True
Is 640441393 prime?
True
Is 15804203437 composite?
True
Is 4514991419 prime?
False
Is 7595511947 prime?
False
Is 5625103661 prime?
False
Is 12167902213 a composite number?
True
Is 579916847 a prime number?
False
Is 2019549179 a composite number?
False
Is 7909211797 prime?
False
Is 99201571 a prime number?
False
Is 6005387813 a prime number?
True
Is 1438510727 composite?
True
Is 3147707515 a prime number?
False
Is 650066474 composite?
True
Is 12751425839 a prime number?
False
Is 2560840565 a composite number?
True
Is 1323677413 a composite number?
True
Is 48129384109 composite?
False
Is 12795927983 a prime number?
True
Is 144420732691 a composite number?
False
Is 284900615149 composite?
False
Is 3719787583 prime?
False
Is 74430371011 prime?
True
Is 2155010773 prime?
True
Is 3328263643 composite?
True
Is 47475476465 prime?
False
Is 529615421 composite?
True
Is 1712960497 a prime number?
True
Is 16190099423 a composite number?
False
Is 61302415 prime?
False
Is 13578797 a composite number?
False
Is 12957819257 prime?
True
Is 13512406227 a prime number?
False
Is 28407473 a composite number?
False
Is 1582176251 a prime number?
True
Is 36111401527 composite?
True
Is 349523743 composite?
False
Is 4725892721 a composite number?
True
Is 18776281723 a composite number?
True
Is 49702846717 composite?
True
Is 1415430617 a prime number?
True
Is 45918324797 a composite number?
False
Is 3707076903 composite?
True
Is 20438711 prime?
True
Is 11164459421 a prime number?
True
Is 59638387 prime?
False
Is 147488905 prime?
False
Is 146918941 a prime number?
False
Is 4520966441 a prime number?
True
Is 84340769185 composite?
True
Is 786134071 a prime number?
True
Is 2305063049 a prime number?
True
Is 15367263481 composite?
True
Is 14297381981 prime?
True
Is 2234135681 prime?
True
Is 580016917 a composite number?
True
Is 4776802003 composite?
True
Is 194370306505 a prime number?
False
Is 201006809 a composite number?
True
Is 2165751934 prime?
False
Is 114815196653 prime?
False
Is 39996854003 a composite number?
False
Is 175865390411 prime?
False
Is 4166341981 a prime number?
True
Is 21341316697 composite?
True
Is 807276931 prime?
False
Is 28247899 prime?
True
Is 5462973053 composite?
False
Is 12765510403 a prime number?
False
Is 556746449 a prime number?
False
Is 229061737639 prime?
False
Is 498646919 a composite number?
True
Is 85612999 a composite number?
False
Is 3361670303 prime?
True
Is 246050196661 prime?
False
Is 1345426337 a composite number?
False
Is 181232869 composite?
True
Is 65974091 a composite number?
True
Is 70262747 a prime number?
False
Is 324406681 a composite number?
False
Is 3744613027 a prime number?
False
Is 52259818901 prime?
True
Is 548527409 a prime number?
True
Is 833188021 prime?
True
Is 1922470643 a composite number?
True
Is 29320091 prime?
True
Is 4633033007 a prime number?
True
Is 32588106553 a prime number?
True
Is 581162963 composite?
False
Is 7114577117 prime?
True
Is 285463207 a prime number?
True
Is 23222119787 prime?
False
Is 73937921 composite?
False
Is 1377785953 a prime number?
False
Is 2559558499 prime?
False
Is 32226559895 composite?
True
Is 361525973 prime?
True
Is 962482243 a composite number?
False
Is 15739434397 composite?
False
Is 4840582531 a composite number?
True
Is 16949707 prime?
True
Is 153882713 composite?
False
Is 8504596879 prime?
True
Is 930676247 a prime number?
False
Is 43875252677 a composite number?
True
Is 412273507 a prime number?
False
Is 5040086999 a prime number?
False
Is 2051555977 a prime number?
False
Is 3187874027 composite?
True
Is 727879199 a prime number?
False
Is 3478088203 a prime number?
True
Is 115573721 prime?
True
Is 8031938617 composite?
True
Is 5196541201 a prime number?
True
Is 1076396027887 composite?
False
Is 5538061751 composite?
False
Is 226075277 prime?
True
Is 2163194981 a composite number?
False
Is 3204305963 a prime number?
False
Is 69585157 a composite number?
False
Is 6217563377 a prime number?
False
Is 6135906451 composite?
False
Is 44359851587 prime?
True
Is 3722908463 composite?
False
Is 19847670067 composite?
False
Is 38284129 prime?
False
Is 10542906931 a prime number?
False
Is 3422881793 a composite number?
False
Is 11437264109 a composite number?
False
Is 265577677 prime?
True
Is 17751196189 a prime number?
True
Is 641889751 a prime number?
False
Is 129854521 prime?
True
Is 12251678459 a prime number?
False
Is 576022801 a prime number?
True
Is 3482546667 a composite number?
True
Is 3623364281 prime?
True
Is 98703027593 composite?
False
Is 30788628269 a prime number?
False
Is 21411386687 a prime number?
True
Is 257560393 composite?
True
Is 65846240297 a composite number?
True
Is 2700377065 prime?
False
Is 321849013 composite?
False
Is 1452772709 a composite number?
True
Is 288279569 a composite number?
True
Is 1875574709 composite?
True
Is 201224933149 a composite number?
True
Is 1143007 prime?
False
Is 35068560061 a composite number?
True
Is 804484063 composite?
True
Is 236347259 a composite number?
False
Is 2041230491 a prime number?
False
Is 69180601583 a prime number?
True
Is 2462856037 prime?
True
Is 894558659 composite?